13 - -4) - -2)
1
What is the value of 36 - 21 - (7 + 4)?
4
Calculate (-12 - 1) + 11 + -6.
-8
Calculate (21 - 0) + (-402 - -392).
11
What is the value of -29 + -3 + 14 + 0 + 8?
-10
What is the value of (15 - 3 - 3) + (-40 - -32)?
1
Calculate -6 + (-6 - (22 + -18 - 8)).
-8
What is -9 - (-10 + 6 + -1)?
-4
What is the value of 68 - (-16 + -41 + 91)?
34
(110 - 105) + (2 - 7)
0
What is the value of 28 - (-13 - (-47 - -27))?
21
What is 0 + (-7 - (3 - 3) - 0)?
-7
What is the value of (-3 - (5 - 4) - (-1 + 2)) + 2?
-3
What is the value of -30 + 38 + (26 - 43)?
-9
Evaluate 2 + -14 + -257 + 269 - (0 - -3).
-3
What is (-12 - -18) + -4 + (6 - 17)?
-9
Calculate 69 - 67 - ((2 + 7 - 3) + -2).
-2
Calculate (7 - 39) + 12 + -18 + 18.
-20
Calculate (-31 + 3 - -14 - -9) + 4.
-1
Calculate (28 - (-2 + 9)) + (-18 - -10).
13
(4 - 15) + 9 - (0 - -7)
-9
Calculate -24 + (-3 - -16) + 1 - (-1 + -2).
-7
Evaluate -6 + -3 + -3 + 17.
5
Calculate 5 - (-15 + (16 - -11)).
-7
Calculate -3 - (0 + 0 + (7 - 22 - -8)).
4
What is (5 - 2 - (1 + 11)) + -4?
-13
(4 - (10 - (-3 + 17))) + (10 - 0)
18
8 + 9 + -19 + -12 + 14
0
What is -3 - -6 - (11 + -6 - 13) - 2?
9
-292 + 288 + (1 - 1) + 12
8
Evaluate -56 + 61 + -5 + -2 - -11.
9
What is the value of 2 + (-12 - 2) - (-68 + 61)?
-5
What is the value of 38 - ((45 - 22) + 35)?
-20
Calculate 4 + 3 + (2 - (-7 + 21 + -6)).
1
Calculate (8 - (-14 - (13 - 37))) + -6.
-8
What is -14 + (20 + -5 - 8)?
-7
What is the value of 0 + -27 + -25 + 43?
-9
-20 + 4 + 13 - (-1 + -17 - 0)
15
What is the value of 0 + 10 - (-73 - -77)?
6
Evaluate -18 + 12 + -3 + 2 + -2.
-9
Calculate 2 + (-4 - (2 - 2)) - (-67 - -47).
18
(9 - 3) + (-12 - -4) - (-7 - -1)
4
Evaluate 4 + (7 - (15 + -5)).
1
What is the value of 2 + (17 - 11 - (-2 - -7))?
3
Calculate (9 + 7 - 5) + (-2 - -5) + 7.
21
(12 - 21 - -16) + (-11 - 1)
-5
What is the value of -41 - (8 - (-7 - -37))?
-19
(26 - (16 + 21)) + (-2 + -4 - -1)
-16
Calculate 13 + 3 + -18 + (12 - 1).
9
Evaluate (60 - 20) + -39 + (2 - 2).
1
Calculate -424 + 426 + (1 - 0 - -7) + 10.
20
Evaluate -6 - ((18 - 36) + -3).
15
Evaluate 8 - (21 - 15) - 4.
-2
Evaluate -12 + 22 - (-3 + 12 + 4).
-3
What is the value of 38 + -43 - ((-11 - (3 + -5)) + -2)?
6
What is the value of -8 + 2 + -11 - -10 - (1 - 23)?
15
What is -19 + (13 - -23) + 6?
23
-28 + 16 + 32 - 17
3
Evaluate 12 - ((-45 - -32) + 0 + 0).
25
Evaluate (1 + -14 - -1) + 29.
17
Calculate 4 - (-1 - -20 - (-25 + 33 - 6)).
-13
17 + (24 - 78) + 24
-13
7 + -5 + 1 - 5 - 4
-6
Calculate (-13 + 16 - 9) + (-1 - -4) + 14.
11
What is the value of -41 + 42 + 1 + 3?
5
Calculate (-1 + -2 - 1) + -50 + 48.
-6
(1 - (1 - -8 - 3)) + (11 - -12)
18
What is 17 - (8 + 25 - 18 - 32)?
34
Evaluate 128 - 129 - (-1 - 3) - -11.
14
Evaluate -39 + 46 - (0 + -5 - 1) - -1.
14
Calculate (-32 - -28 - 17) + (-1 - (1 + 2)).
-25
Calculate (-15 - -13 - 14 - -13) + 1.
-2
Calculate -19 + 19 + 0 - 9.
-9
Evaluate 16 + (-6 + 6 - 7 - -14 - 7).
16
(4 - (-2 + 0)) + (-1343 - -1336)
-1
-11 - ((10 - 21) + 6 + -2)
-4
-10 + (8 - (6 - (11 + -5)))
-2
What is the value of -30 - (-25 + 16 - 5)?
-16
-17 + -2 + 2 + 4 + 3
-10
-1 - 4 - (-14 - -26 - 16)
-1
24 - (8 - (-6 + 7 + -1))
16
Calculate -21 - (-15 + -8) - ((-3 - 2) + 1).
6
-15 + (21 - 11) - (12 - 1)
-16
Evaluate (-15 - -8) + 11 + (9 - 5) + 0.
8
7 - (-2 - -29) - -10
-10
Evaluate (2 - 15) + 23 + -4 + 9.
15
Calculate 12 + -10 + 20 + -29.
-7
Calculate (-27 + 18 - -34) + -9.
16
What is 4 + (-13 - -20) + 11 + -1?
21
Evaluate 410 + -407 - (0 - (-4 + -3)).
-4
Calculate 18 + -12 + -4 + 19.
21
What is the value of 6 + -23 + (-115 - -101)?
-31
What is the value of 6 - (-20 + 58 + -14)?
-18
What is -6 - (22 - (-7 - -18))?
-17
(5 - 1 - 3 - -10) + -1
10
11 + (1 - 11 - (14 + 11 + 4))
-28
Evaluate 28 + -5 + 99 + -133.
-11
What is 5 + (-7 - (-4 - (3 + 5)))?
10
(11 + -29 - -21) + (6 - 1)
8
What is 8 - (-10 - (-15 + 4))?
7
Calculate 13 + -32 - -21 - (2 + 3 + -2).
-1
Calculate -1 + (1 - 2) + -1 + -5 + -6.
-14
(168 - 159) + -7 + 0 + -1 + 1
2
Evaluate -5 + (4 - 1) + 0 + 14.
12
-30 - (4 - (-4 + 33))
-5
Evaluate -7 - -4 - (7 + (-10 - -3 - -2)).
-5
3 + (-5 - -5) + (6 - -4)
13
Evaluate (7 - (-6 + 4)) + (-8 - 8).
-7
What is 5 - (-3 - ((1 - -7) + -17 + 2))?
1
Evaluate 0 + -22 - (-13 + -3 + 25).
-31
What is -10 + -27 + (35 - 14)?
-16
What is the value of 0 - (-1 + (-5 + (5 - -16) - 4))?
-11
What is the value of -21 + 74 + -15 - (12 - 4 - 2)?
32
Evaluate 20 - (-8 - (21 - 21)).
28
Calculate (-1 - 2 - -6 - 16) + 6.
-7
What is the value of 6 - (14 + 13 - 7)?
-14
Evaluate 54 + -64 + (-1 - -14).
3
Evaluate -7 + (-4 - (-15 - -12)) + 2 + 6.
0
Evaluate -9 - ((-4 - 18) + (-16 - -3)).
26
(-13 + 13 - 9) + 2
-7
Calculate (-21 - -52 - 25) + (-16 - 0).
-10
What is -25 - (-12 - 31 - -39)?
-21
19 - ((49 - 13) + 3) - -59
39
Evaluate -11 - (-26 + 18 + 9 + -7).
-5
What is the value of -3 + (13 - (-4 - -12))?
2
What is the value of -3 + (10 - 14) + 15?
8
Evaluate (1 - (-7 + 12)) + (11 + -7 - 12).
-12
What is the value of 7 + -9 + 18 + -20 - -15?
11
What is the value of 1 + -7 + 132 + -106?
20
What is -17 + 33 + -12 + -1 + 0 + -7?
-4
Calculate -148 - -192 - ((-4 - -18) + -1).
31
Evaluate 9 + -7 + (-5 - (0 + -8)) + -4.
1
Calculate -3 - (2 - (6 + -6)) - 2.
-7
Calculate 14 + 4 + -2 + -15.
1
Evaluate 3 + 1 + 7 + 17 + (-36 - -9).
1
Calculate -2 + -10 + (21 - (-19 + 32)).
-4
What is the value of (7 - (2 + 16)) + -5 + 0 + -2?
-18
Evaluate 8 + (6 + -4 + 9 - 8).
11
Calculate 9 + -2 + (-28 - 13 - -28).
-6
Calculate -28 - -21 - (-10 - -1) - 3 - 15.
-16
What is 14 + -10 + -4 + -12?
-12
Evaluate (42 + -18 - 23) + 4 + (-2 - -1).
4
54 + -16 + (6 - 5 - -7 - 12)
34
Calculate (62 - 85) + 7 + 2.
-14
Calculate 5 + 3 + (-277 - -266) + -1 + 11.
7
Calculate 1 + -15 - (60 - 72).
-2
What is -20 + 0 - (274 + -303)?
9
What is the value of -9 - ((-10 - -3 - 13) + 4)?
7
What is (20 - 2) + -19 + 1 + 12?
12
Evaluate 0 - (-7 + 1 + 13).
-7
Evaluate -19 + 29 + -5 - (0 - 6).
11
What is (-22 - -15) + 2 + 7 - 14?
-12
Calculate -1 - 7 - (-14 - -4 - -4 - -2).
-4
Calculate 5 + -5 + (4 - 10) + 6.
0
What is the value of -6 + 14 + -3 + -10 + (-11 - 0)?
-16
What is the value of 0 + (5 - 8 - (-3 - 2 - 2))?
4
Evaluate (14 + -8 - 1) + -1 + 1.
5
What is -22 - (-17 + -18 + 7)?
6
What is -83 - (32 - 98) - ((-1 - 0) + 4)?
-20
Evaluate (-15 - -2 - -7) + -9 + (-3 - 0).
-18
(8 - ((-4 - -9) + 5)) + -11
-13
What is 1 + -11 - (7 + -3)?
-14
25 + -25 + 31 + -55
-24
What is the value of (3 - -12) + (47 - 37) + -18?
7
Calculate (-3 - 1) + -32 + 24 - 0.
-12
What is the value of (14 - -1 - (-88 - -94)) + -24?
-15
Evaluate -21 + (17 - (50 + -15)).
-39
What is 20 + -15 - -3 - 11?
-3
Calculate -2 + 0 - (-10 - 12).
20
What is (-14 - -2) + 13 + 0 + 2?
3
What is 32 - 48 - (-4 + -4)?
-8
What is the value of 0 + -12 + 116 + -113?
-9
What is (21 - (6 + -18)) + -15?
18
Calculate -147 - -138 - (0 + 2).
-11
What is the value of -16 - (-23 + 20 - 16)?
3
Calculate 5 + 7 - 4 - 8 - -8.
8
Evaluate -10 + (2 - 0) + 4 + -2 + -4.
-10
Evaluate -6 + (3 + 28 - 17).
8
What is the value of (7 - (11 - 6)) + (-3 - -13 - 1)?
11
Evaluate 8 + (-10 - -8) - 36.
-30
-13 - (-20 + 19 + -9)
-3
Evaluate -1 + (-7 - (6 + -15)) + 4.
5
What is the value of -40 + (84 - 33 - 46 - (-1 + -4))?
-30
What is the value of (0 - (7 - 8)) + 8?
9
10 - (24 + (-63 - -20))
29
Evaluate 3 - (22 + -15 - (4 + 27)).
27
-1 - -22 - (1033 - 960) - (-11 + 0)
-41
(29 - 16) + -2 + 1 + -3
9
Calculate (0 - 9) + (-24 - -55 - 40) + -9.
-27
What is the value of -14 + -4 + 16 + 4?
2
What is the value of 1 + -30 + 17 + (-20 - -27) + -18?
-23
What is 4 - (3 - -3) - (-2 - -20)?
-20
What is the value of 2 - (2 + -2 + -6 - 2)?
10
What is the value of (6 - (-3 - 1)) + 1?
11
What is the value of (-3 - (5 + 0 + -2)) + 15?
9
What is the value of (-7 - -11 - 3) + (4 - 2) - -9?
12
Evaluate -30 + -39 + 66 + -2 + -8.
-13
Evaluate -25 + (-7 + -1 - (12 + -2 + -18)).
-25
What is the value of 0 + (19 - 34) + 8 + 25 + -2?
16
Evaluate -21 - ((-17 - -5) + -28).
19
What is the value of -8 - (-284 + 276 - (-2 + 1 + -14))?
-15
5 - (17 + -14 - 0)
2
What is the value of -2 + (5 - 7) - -6?
2
Calculate (1 - 13) + 1 + (26 - (70 + -51)).
-4
-1 + (-6 + -5 - -3) + 13 + 7
11
4 + 3 + (1 - (16 - -15))
-23
-7 + (-20 - -9) + 2 - 2
-18
-3 + 0 + (-2 - -5) + 1 + -10
-9
What is the value of (18 - (-10 - -31) - -14) + 10?
2